 7, 23, 41399
List the prime factors of 37936038.
2, 3, 7, 191, 4729
List the prime factors of 1572441052.
2, 7, 13, 4319893
What are the prime factors of 60027956?
2, 431, 34819
List the prime factors of 105341948.
2, 26335487
List the prime factors of 73526806.
2, 36763403
What are the prime factors of 182570598?
2, 3, 7, 160997
List the prime factors of 6602720.
2, 5, 29, 1423
List the prime factors of 18198670.
2, 5, 7, 17, 41, 373
List the prime factors of 44338246.
2, 31, 43, 16631
What are the prime factors of 2410716852?
2, 3, 41, 1633277
What are the prime factors of 64268092?
2, 7, 17, 135017
What are the prime factors of 53959399?
13, 4150723
List the prime factors of 92692171.
11, 13, 487
What are the prime factors of 99889999?
11, 1399, 6491
What are the prime factors of 1239030887?
29, 241, 177283
List the prime factors of 994524196.
2, 3929, 63281
What are the prime factors of 30452362?
2, 103, 147827
List the prime factors of 179732751.
3, 11, 1459, 3733
What are the prime factors of 78902747?
7, 11, 1024711
List the prime factors of 11722139.
11, 13, 81973
List the prime factors of 420465936.
2, 3, 11, 796337
List the prime factors of 92965754.
2, 7, 6640411
What are the prime factors of 34756996?
2, 8689249
What are the prime factors of 457916614?
2, 23, 9954709
List the prime factors of 6963035740.
2, 5, 41, 8491507
List the prime factors of 174949898.
2, 601, 145549
List the prime factors of 158294314.
2, 103, 768419
What are the prime factors of 53296033?
7, 7613719
What are the prime factors of 304318285?
5, 3433, 17729
List the prime factors of 1264503618.
2, 3, 7, 19, 528197
List the prime factors of 91854543.
3, 11, 661, 4211
What are the prime factors of 31009603?
31009603
List the prime factors of 37986793.
13, 2922061
What are the prime factors of 1189150006?
2, 11, 446713
What are the prime factors of 4186264474?
2, 7, 461, 648631
List the prime factors of 482761844.
2, 120690461
What are the prime factors of 75716444?
2, 19, 79, 12611
What are the prime factors of 926595352?
2, 239, 484621
List the prime factors of 561288538.
2, 19, 1009, 14639
What are the prime factors of 85617222?
2, 3, 29, 492053
What are the prime factors of 2804930011?
13, 17, 976307
List the prime factors of 3432484536.
2, 3, 13, 59, 263, 709
What are the prime factors of 61353408?
2, 3, 17, 18797
List the prime factors of 105592874.
2, 101, 522737
List the prime factors of 8003521335.
3, 5, 19, 4973, 5647
What are the prime factors of 416608654?
2, 7, 11, 2705251
List the prime factors of 35188140.
2, 3, 5, 13, 197, 229
What are the prime factors of 5939431?
5939431
List the prime factors of 929505756.
2, 3, 193, 401341
List the prime factors of 249276516.
2, 3, 20773043
What are the prime factors of 13714219?
19, 601, 1201
List the prime factors of 1086650645.
5, 61, 3562789
List the prime factors of 1184154758.
2, 1033, 573163
List the prime factors of 56604715.
5, 883, 12821
List the prime factors of 19580622.
2, 3, 37, 193, 457
List the prime factors of 291233319.
3, 13, 283, 26387
What are the prime factors of 25982630?
2, 5, 17, 152839
List the prime factors of 107092055.
5, 7, 157, 19489
What are the prime factors of 207070728?
2, 3, 8627947
What are the prime factors of 386699326?
2, 13, 14873051
What are the prime factors of 97234061?
61, 97, 16433
What are the prime factors of 1379685423?
3, 47, 617, 15859
List the prime factors of 367307471.
379, 863, 1123
List the prime factors of 2224295.
5, 444859
What are the prime factors of 532156820?
2, 5, 13, 43, 47599
List the prime factors of 101492166.
2, 3, 61, 277301
List the prime factors of 167012884.
2, 41753221
What are the prime factors of 1253776948?
2, 307, 1020991
What are the prime factors of 340783835?
5, 7, 401, 24281
List the prime factors of 1779226940.
2, 5, 79, 1126093
What are the prime factors of 1296823263?
3, 569, 759709
List the prime factors of 511335680.
2, 5, 399481
What are the prime factors of 4451142981?
3, 29, 193, 265091
List the prime factors of 6138797464.
2, 47, 61, 267649
List the prime factors of 9157026.
2, 3, 431, 3541
What are the prime factors of 730425431?
179, 4080589
List the prime factors of 680417500.
2, 5, 7, 59, 659
What are the prime factors of 99340167?
3, 29, 179, 6379
List the prime factors of 5648589.
3, 131, 1597
List the prime factors of 47566517.
311, 152947
What are the prime factors of 1416921041?
1416921041
List the prime factors of 54105363.
3, 13, 41, 11279
What are the prime factors of 14033883?
3, 29, 161309
What are the prime factors of 385904735?
5, 77180947
What are the prime factors of 42036410?
2, 5, 13, 17, 23, 827
What are the prime factors of 217152659?
857, 253387
List the prime factors of 62702569.
62702569
List the prime factors of 1708007861.
7, 487, 501029
List the prime factors of 2479111547.
11, 17, 97, 1409
What are the prime factors of 992569204?
2, 11, 22558391
What are the prime factors of 996351890?
2, 5, 99635189
List the prime factors of 106041125.
5, 863, 983
List the prime factors of 203179588.
2, 50794897
What are the prime factors of 11354755?
5, 23, 98737
What are the prime factors of 588487352?
2, 673, 109303
List the prime factors of 394788475.
5, 1289, 12251
What are the prime factors of 15932865?
3, 5, 13, 81707
What are the prime factors of 1400535295?
5, 61, 73, 62903
What are the prime factors of 4356318484?
2, 7, 155582803
What are the prime factors of 268047417?
3, 11, 8122649
List the prime factors of 142070038.
2, 11, 6457729
List the prime factors of 191712427.
191712427
What are the prime factors of 1925681887?
1925681887
List the prime factors of 74819795.
5, 233, 64223
What are the prime factors of 24493747?
1999, 12253
What are the prime factors of 1180147953?
3, 29, 131, 103549
What are the prime factors of 1185552306?
2, 3, 29, 839, 2707
List the prime factors of 498486344.
2, 1667, 37379
List the prime factors of 1231808104.
2, 153976013
What are the prime factors of 682651648?
2, 7, 29, 821
What are the prime factors of 432586?
2, 7, 11, 53
List the prime factors of 297640454.
2, 17, 8754131
What are the prime factors of 47374427?
17, 67, 41593
List the prime factors of 190586669.
7, 13, 2094359
What are the prime factors of 3363294347?
7, 23, 20890027
What are the prime factors of 2886706806?
2, 3, 29, 59, 281191
What are the prime factors of 130421266?
2, 2927, 22279
What are the prime factors of 2500394363?
2500394363
What are the prime factors of 113981386?
2, 37, 1540289
List the prime factors of 1059163802.
2, 197, 2688233
List the prime factors of 652630819.
23, 29, 978457
List the prime factors of 57713699.
71, 812869
List the prime factors of 155528035.
5, 13, 389, 6151
What are the prime factors of 932787714?
2, 3, 1873, 83003
List the prime factors of 970143207.
3, 11, 61, 481939
What are the prime factors of 4959501871?
53, 93575507
What are the prime factors of 94493257?
3299, 28643
What are the prime factors of 32789726?
2, 16394863
What are the prime factors of 916623377?
916623377
List the prime factors of 54566571.
3, 18188857
What are the prime factors of 76253434?
2, 38126717
List the prime factors of 52160634.
2, 3, 43, 67391
List the prime factors of 22041444.
2, 3, 19, 277, 349
List the prime factors of 82364349.
3, 97, 349, 811
List the prime factors of 804688389.
3, 89409821
What are the prime factors of 2912378426?
2, 17, 389, 12953
List the prime factors of 48654836.
2, 79, 1949
List the prime factors of 176339906.
2, 829, 106357
What are the prime factors of 503599024?
2, 17, 71, 89, 293
What are the prime factors of 266509161?
3, 367, 80687
List the prime factors of 215793164.
2, 613, 88007
List the prime factors of 553364868.
2, 3, 7, 151, 43627
List the prime factors of 248697580.
2, 5, 3229, 3851
What are the prime factors of 686725517?
421, 1631177
List the prime factors of 67610913.
3, 22536971
List the prime factors of 8071026641.
17, 157, 3023989
What are the prime factors of 2619526883?
2619526883
What are the prime factors of 948718654?
2, 13, 101, 361279
What are the prime factors of 6948321?
3, 2316107
List the prime factors of 15179006.
2, 29, 261707
List the prime factors of 194698321.
31, 6280591
What are the prime factors of 577064